{"id":798,"date":"2024-01-27T23:31:27","date_gmt":"2024-01-27T23:31:27","guid":{"rendered":"https:\/\/familienkl.dk\/?post_type=product&#038;p=798"},"modified":"2026-01-15T21:22:00","modified_gmt":"2026-01-15T21:22:00","slug":"gaestebog-egen-tegning","status":"publish","type":"product","link":"https:\/\/familienkl.dk\/index.php\/vare\/gaestebog-egen-tegning\/","title":{"rendered":"G\u00e6stebog &#8211; Egen tegning"},"content":{"rendered":"<h1>F\u00e5 en helt unik g\u00e6stebog med egen tegning p\u00e5 forsiden<\/h1>\n<h2>G\u00f8r din g\u00e6stebog helt personlig<\/h2>\n<p>&nbsp;<\/p>\n<p>Gem alle de gode minder fra den store dag.<\/p>\n<p>Brug bogen til enhver anledning: bryllup, konfirmation, barned\u00e5b eller noget helt fjerde.<\/p>\n<p>Bogen har en for- og bagside i tr\u00e6 og er derfor utrolig smuk b\u00e5de under festen, men ogs\u00e5 p\u00e5 hylden efterf\u00f8lgende.<\/p>\n<p>&nbsp;<\/p>\n<p>N\u00e5r du har bestilt, sender du din tegning til os p\u00e5 info@familienkl.dk, husk at skrive ordrenummeret i mailen.<\/p>\n<p>Resultatet bliver bedst hvis din tegning er tegnet med en enkelt farvet tusch p\u00e5 hvidt papir.<\/p>\n<p>&nbsp;<\/p>\n<p>Med 70 blanke sider er der plads til alle dine minder fra dagen.<\/p>\n<p>Bogen har m\u00e5lene 148 x 210 (A5) og indeholder 70 blanke hvide sider i 110 g papir.<\/p>\n<p>Forside og bagside er udsk\u00e5ret i birkefiner.<\/p>\n<p>Som tilvalg kan der til bogen v\u00e6lges at inds\u00e6tte faner. P\u00e5 denne m\u00e5de kan bogen inddeles og bruges til at dokumentere flere aspekter af den store dag. Som standard er de fire faner &#8220;Hilsner&#8221;, &#8220;Indslag&#8221;, &#8220;Gaver&#8221; og &#8220;Om dagen&#8221;. \u00d8nskes der andre overskrifter p\u00e5 fanerne s\u00e5 kontakt os p\u00e5 info@familienkl.dk<\/p>\n<p><img loading=\"lazy\" decoding=\"async\" class=\"alignnone size-medium wp-image-1462\" src=\"https:\/\/familienkl.dk\/wp-content\/uploads\/2023\/10\/8F8A9458-300x300.jpg\" alt=\"\" width=\"300\" height=\"300\" srcset=\"https:\/\/familienkl.dk\/wp-content\/uploads\/2023\/10\/8F8A9458-300x300.jpg 300w, https:\/\/familienkl.dk\/wp-content\/uploads\/2023\/10\/8F8A9458-150x150.jpg 150w, https:\/\/familienkl.dk\/wp-content\/uploads\/2023\/10\/8F8A9458-768x768.jpg 768w, https:\/\/familienkl.dk\/wp-content\/uploads\/2023\/10\/8F8A9458-600x600.jpg 600w, https:\/\/familienkl.dk\/wp-content\/uploads\/2023\/10\/8F8A9458-100x100.jpg 100w, https:\/\/familienkl.dk\/wp-content\/uploads\/2023\/10\/8F8A9458.jpg 1000w\" sizes=\"auto, (max-width: 300px) 100vw, 300px\" \/><\/p>\n<p>Som tilvalg kan der ogs\u00e5 v\u00e6lges en fod til g\u00e6stebogen. Med denne fod kan g\u00e6stebogen efter festen udstilles til pynt.<\/p>\n<p><img loading=\"lazy\" decoding=\"async\" class=\"alignnone size-medium wp-image-1463\" src=\"https:\/\/familienkl.dk\/wp-content\/uploads\/2023\/10\/IMG_9192-300x300.jpg\" alt=\"\" width=\"300\" height=\"300\" srcset=\"https:\/\/familienkl.dk\/wp-content\/uploads\/2023\/10\/IMG_9192-300x300.jpg 300w, https:\/\/familienkl.dk\/wp-content\/uploads\/2023\/10\/IMG_9192-1024x1024.jpg 1024w, https:\/\/familienkl.dk\/wp-content\/uploads\/2023\/10\/IMG_9192-150x150.jpg 150w, https:\/\/familienkl.dk\/wp-content\/uploads\/2023\/10\/IMG_9192-768x768.jpg 768w, https:\/\/familienkl.dk\/wp-content\/uploads\/2023\/10\/IMG_9192-1536x1536.jpg 1536w, https:\/\/familienkl.dk\/wp-content\/uploads\/2023\/10\/IMG_9192-600x600.jpg 600w, https:\/\/familienkl.dk\/wp-content\/uploads\/2023\/10\/IMG_9192-100x100.jpg 100w, https:\/\/familienkl.dk\/wp-content\/uploads\/2023\/10\/IMG_9192.jpg 2000w\" sizes=\"auto, (max-width: 300px) 100vw, 300px\" \/><\/p>\n<p>&nbsp;<\/p>\n<p>Skal du bruge festpynt til at s\u00e6tte det sidste prik over i&#8217;et for din fest, s\u00e5 husk at vi gerne tilpasser det efter dine \u00f8nsker. L\u00e6s mere her: <a title=\"Din store fest\" href=\"https:\/\/familienkl.dk\/index.php\/din-store-fest\/\">https:\/\/familienkl.dk\/index.php\/din-store-fest\/<\/a><\/p>\n","protected":false},"excerpt":{"rendered":"<p>Unik g\u00e6stebog, som ingen andre har. Med egen tegning p\u00e5 forsiden.<\/p>\n","protected":false},"featured_media":799,"template":"","meta":{"om_disable_all_campaigns":false,"_monsterinsights_skip_tracking":false,"_monsterinsights_sitenote_active":false,"_monsterinsights_sitenote_note":"","_monsterinsights_sitenote_category":0,"site-sidebar-layout":"default","site-content-layout":"","ast-site-content-layout":"default","site-content-style":"default","site-sidebar-style":"default","ast-global-header-display":"","ast-banner-title-visibility":"","ast-main-header-display":"","ast-hfb-above-header-display":"","ast-hfb-below-header-display":"","ast-hfb-mobile-header-display":"","site-post-title":"","ast-breadcrumbs-content":"","ast-featured-img":"","footer-sml-layout":"","ast-disable-related-posts":"","theme-transparent-header-meta":"default","adv-header-id-meta":"","stick-header-meta":"","header-above-stick-meta":"","header-main-stick-meta":"","header-below-stick-meta":"","astra-migrate-meta-layouts":"set","ast-page-background-enabled":"default","ast-page-background-meta":{"desktop":{"background-color":"var(--ast-global-color-4)","background-image":"","background-repeat":"repeat","background-position":"center center","background-size":"auto","background-attachment":"scroll","background-type":"","background-media":"","overlay-type":"","overlay-color":"","overlay-opacity":"","overlay-gradient":""},"tablet":{"background-color":"","background-image":"","background-repeat":"repeat","background-position":"center center","background-size":"auto","background-attachment":"scroll","background-type":"","background-media":"","overlay-type":"","overlay-color":"","overlay-opacity":"","overlay-gradient":""},"mobile":{"background-color":"","background-image":"","background-repeat":"repeat","background-position":"center center","background-size":"auto","background-attachment":"scroll","background-type":"","background-media":"","overlay-type":"","overlay-color":"","overlay-opacity":"","overlay-gradient":""}},"ast-content-background-meta":{"desktop":{"background-color":"var(--ast-global-color-5)","background-image":"","background-repeat":"repeat","background-position":"center center","background-size":"auto","background-attachment":"scroll","background-type":"","background-media":"","overlay-type":"","overlay-color":"","overlay-opacity":"","overlay-gradient":""},"tablet":{"background-color":"var(--ast-global-color-5)","background-image":"","background-repeat":"repeat","background-position":"center center","background-size":"auto","background-attachment":"scroll","background-type":"","background-media":"","overlay-type":"","overlay-color":"","overlay-opacity":"","overlay-gradient":""},"mobile":{"background-color":"var(--ast-global-color-5)","background-image":"","background-repeat":"repeat","background-position":"center center","background-size":"auto","background-attachment":"scroll","background-type":"","background-media":"","overlay-type":"","overlay-color":"","overlay-opacity":"","overlay-gradient":""}}},"product_brand":[],"product_cat":[17],"product_tag":[56,55,57],"class_list":{"0":"post-798","1":"product","2":"type-product","3":"status-publish","4":"has-post-thumbnail","6":"product_cat-gaesteboeger","7":"product_tag-fest","8":"product_tag-gaestebog","9":"product_tag-minder","10":"desktop-align-left","11":"tablet-align-left","12":"mobile-align-left","14":"first","15":"instock","16":"taxable","17":"shipping-taxable","18":"purchasable","19":"product-type-simple"},"aioseo_notices":[],"jetpack_sharing_enabled":true,"_links":{"self":[{"href":"https:\/\/familienkl.dk\/index.php\/wp-json\/wp\/v2\/product\/798","targetHints":{"allow":["GET"]}}],"collection":[{"href":"https:\/\/familienkl.dk\/index.php\/wp-json\/wp\/v2\/product"}],"about":[{"href":"https:\/\/familienkl.dk\/index.php\/wp-json\/wp\/v2\/types\/product"}],"wp:featuredmedia":[{"embeddable":true,"href":"https:\/\/familienkl.dk\/index.php\/wp-json\/wp\/v2\/media\/799"}],"wp:attachment":[{"href":"https:\/\/familienkl.dk\/index.php\/wp-json\/wp\/v2\/media?parent=798"}],"wp:term":[{"taxonomy":"product_brand","embeddable":true,"href":"https:\/\/familienkl.dk\/index.php\/wp-json\/wp\/v2\/product_brand?post=798"},{"taxonomy":"product_cat","embeddable":true,"href":"https:\/\/familienkl.dk\/index.php\/wp-json\/wp\/v2\/product_cat?post=798"},{"taxonomy":"product_tag","embeddable":true,"href":"https:\/\/familienkl.dk\/index.php\/wp-json\/wp\/v2\/product_tag?post=798"}],"curies":[{"name":"wp","href":"https:\/\/api.w.org\/{rel}","templated":true}]}}