{"id":796,"date":"2024-01-27T23:19:03","date_gmt":"2024-01-27T23:19:03","guid":{"rendered":"https:\/\/familienkl.dk\/?post_type=product&#038;p=796"},"modified":"2026-01-15T21:22:56","modified_gmt":"2026-01-15T21:22:56","slug":"gaestebog-udskaaret-figur","status":"publish","type":"product","link":"https:\/\/familienkl.dk\/index.php\/vare\/gaestebog-udskaaret-figur\/","title":{"rendered":"G\u00e6stebog &#8211; Udsk\u00e5ret figur"},"content":{"rendered":"<p>Lad dine\/jeres g\u00e6ster skrive en hilsen til dig\/jer p\u00e5 den store dag, hvad end det er bryllup, konfirmation, barned\u00e5b eller noget helt fjerde. Du har derefter en smuk bog, med minderne fra en dejlig dag, som du kan tage frem igen og igen.<\/p>\n<p>Personligg\u00f8r bogen, s\u00e5 den passer netop til din eller jeres begivenhed. Skriv hilken figur du \u00f8nsker udsk\u00e5ret s\u00e5 vender vi tilbage med et bud p\u00e5 en l\u00f8sning.<\/p>\n<p>Du v\u00e6lger selv hvilken tekst og dato, der skal graveres i bunden af forsiden. V\u00e6lg til sidst hvilken farve du vil have p\u00e5 den f\u00f8rste side, der ses igennem de udsk\u00e5rne blade.<\/p>\n<p>Med 70 blanke sider er der plads til alle dine minder fra dagen.<\/p>\n<p>Bogen har m\u00e5lene 148 x 210 (A5) og indeholder 70 blanke hvide sider i 110 g papir.<\/p>\n<p>Forsiden er udsk\u00e5ret i birkefiner, der har f\u00e5et m\u00f8rk olie.<\/p>\n<p>Som tilvalg kan der til bogen v\u00e6lges at inds\u00e6tte faner. P\u00e5 denne m\u00e5de kan bogen inddeles og bruges til at dokumentere flere aspekter af den store dag. Som standard er de fire faner &#8220;Hilsner&#8221;, &#8220;Indslag&#8221;, &#8220;Gaver&#8221; og &#8220;Om dagen&#8221;. \u00d8nskes der andre overskrifter p\u00e5 fanerne s\u00e5 kontakt os p\u00e5 info@familienkl.dk<\/p>\n<p><img loading=\"lazy\" decoding=\"async\" class=\"alignnone size-medium wp-image-1462\" src=\"https:\/\/familienkl.dk\/wp-content\/uploads\/2023\/10\/8F8A9458-300x300.jpg\" alt=\"\" width=\"300\" height=\"300\" srcset=\"https:\/\/familienkl.dk\/wp-content\/uploads\/2023\/10\/8F8A9458-300x300.jpg 300w, https:\/\/familienkl.dk\/wp-content\/uploads\/2023\/10\/8F8A9458-150x150.jpg 150w, https:\/\/familienkl.dk\/wp-content\/uploads\/2023\/10\/8F8A9458-768x768.jpg 768w, https:\/\/familienkl.dk\/wp-content\/uploads\/2023\/10\/8F8A9458-600x600.jpg 600w, https:\/\/familienkl.dk\/wp-content\/uploads\/2023\/10\/8F8A9458-100x100.jpg 100w, https:\/\/familienkl.dk\/wp-content\/uploads\/2023\/10\/8F8A9458.jpg 1000w\" sizes=\"auto, (max-width: 300px) 100vw, 300px\" \/><\/p>\n<p>Som tilvalg kan der ogs\u00e5 v\u00e6lges en fod til g\u00e6stebogen. Med denne fod kan g\u00e6stebogen efter festen udstilles til pynt.<\/p>\n<p><img loading=\"lazy\" decoding=\"async\" class=\"alignnone size-medium wp-image-1463\" src=\"https:\/\/familienkl.dk\/wp-content\/uploads\/2023\/10\/IMG_9192-300x300.jpg\" alt=\"\" width=\"300\" height=\"300\" srcset=\"https:\/\/familienkl.dk\/wp-content\/uploads\/2023\/10\/IMG_9192-300x300.jpg 300w, https:\/\/familienkl.dk\/wp-content\/uploads\/2023\/10\/IMG_9192-1024x1024.jpg 1024w, https:\/\/familienkl.dk\/wp-content\/uploads\/2023\/10\/IMG_9192-150x150.jpg 150w, https:\/\/familienkl.dk\/wp-content\/uploads\/2023\/10\/IMG_9192-768x768.jpg 768w, https:\/\/familienkl.dk\/wp-content\/uploads\/2023\/10\/IMG_9192-1536x1536.jpg 1536w, https:\/\/familienkl.dk\/wp-content\/uploads\/2023\/10\/IMG_9192-600x600.jpg 600w, https:\/\/familienkl.dk\/wp-content\/uploads\/2023\/10\/IMG_9192-100x100.jpg 100w, https:\/\/familienkl.dk\/wp-content\/uploads\/2023\/10\/IMG_9192.jpg 2000w\" sizes=\"auto, (max-width: 300px) 100vw, 300px\" \/><\/p>\n","protected":false},"excerpt":{"rendered":"<p>Lad dine\/jeres g\u00e6ster skrive en hilsen til dig\/jer p\u00e5 den store dag<\/p>\n","protected":false},"featured_media":797,"template":"","meta":{"om_disable_all_campaigns":false,"_monsterinsights_skip_tracking":false,"_monsterinsights_sitenote_active":false,"_monsterinsights_sitenote_note":"","_monsterinsights_sitenote_category":0,"site-sidebar-layout":"default","site-content-layout":"","ast-site-content-layout":"default","site-content-style":"default","site-sidebar-style":"default","ast-global-header-display":"","ast-banner-title-visibility":"","ast-main-header-display":"","ast-hfb-above-header-display":"","ast-hfb-below-header-display":"","ast-hfb-mobile-header-display":"","site-post-title":"","ast-breadcrumbs-content":"","ast-featured-img":"","footer-sml-layout":"","ast-disable-related-posts":"","theme-transparent-header-meta":"default","adv-header-id-meta":"","stick-header-meta":"","header-above-stick-meta":"","header-main-stick-meta":"","header-below-stick-meta":"","astra-migrate-meta-layouts":"set","ast-page-background-enabled":"default","ast-page-background-meta":{"desktop":{"background-color":"var(--ast-global-color-4)","background-image":"","background-repeat":"repeat","background-position":"center center","background-size":"auto","background-attachment":"scroll","background-type":"","background-media":"","overlay-type":"","overlay-color":"","overlay-opacity":"","overlay-gradient":""},"tablet":{"background-color":"","background-image":"","background-repeat":"repeat","background-position":"center center","background-size":"auto","background-attachment":"scroll","background-type":"","background-media":"","overlay-type":"","overlay-color":"","overlay-opacity":"","overlay-gradient":""},"mobile":{"background-color":"","background-image":"","background-repeat":"repeat","background-position":"center center","background-size":"auto","background-attachment":"scroll","background-type":"","background-media":"","overlay-type":"","overlay-color":"","overlay-opacity":"","overlay-gradient":""}},"ast-content-background-meta":{"desktop":{"background-color":"var(--ast-global-color-5)","background-image":"","background-repeat":"repeat","background-position":"center center","background-size":"auto","background-attachment":"scroll","background-type":"","background-media":"","overlay-type":"","overlay-color":"","overlay-opacity":"","overlay-gradient":""},"tablet":{"background-color":"var(--ast-global-color-5)","background-image":"","background-repeat":"repeat","background-position":"center center","background-size":"auto","background-attachment":"scroll","background-type":"","background-media":"","overlay-type":"","overlay-color":"","overlay-opacity":"","overlay-gradient":""},"mobile":{"background-color":"var(--ast-global-color-5)","background-image":"","background-repeat":"repeat","background-position":"center center","background-size":"auto","background-attachment":"scroll","background-type":"","background-media":"","overlay-type":"","overlay-color":"","overlay-opacity":"","overlay-gradient":""}}},"product_brand":[],"product_cat":[17],"product_tag":[],"class_list":{"0":"post-796","1":"product","2":"type-product","3":"status-publish","4":"has-post-thumbnail","6":"product_cat-gaesteboeger","7":"desktop-align-left","8":"tablet-align-left","9":"mobile-align-left","11":"first","12":"instock","13":"taxable","14":"shipping-taxable","15":"purchasable","16":"product-type-simple"},"aioseo_notices":[],"jetpack_sharing_enabled":true,"_links":{"self":[{"href":"https:\/\/familienkl.dk\/index.php\/wp-json\/wp\/v2\/product\/796","targetHints":{"allow":["GET"]}}],"collection":[{"href":"https:\/\/familienkl.dk\/index.php\/wp-json\/wp\/v2\/product"}],"about":[{"href":"https:\/\/familienkl.dk\/index.php\/wp-json\/wp\/v2\/types\/product"}],"wp:featuredmedia":[{"embeddable":true,"href":"https:\/\/familienkl.dk\/index.php\/wp-json\/wp\/v2\/media\/797"}],"wp:attachment":[{"href":"https:\/\/familienkl.dk\/index.php\/wp-json\/wp\/v2\/media?parent=796"}],"wp:term":[{"taxonomy":"product_brand","embeddable":true,"href":"https:\/\/familienkl.dk\/index.php\/wp-json\/wp\/v2\/product_brand?post=796"},{"taxonomy":"product_cat","embeddable":true,"href":"https:\/\/familienkl.dk\/index.php\/wp-json\/wp\/v2\/product_cat?post=796"},{"taxonomy":"product_tag","embeddable":true,"href":"https:\/\/familienkl.dk\/index.php\/wp-json\/wp\/v2\/product_tag?post=796"}],"curies":[{"name":"wp","href":"https:\/\/api.w.org\/{rel}","templated":true}]}}