{"id":1480,"date":"2026-01-15T22:39:07","date_gmt":"2026-01-15T22:39:07","guid":{"rendered":"https:\/\/familienkl.dk\/?post_type=product&#038;p=1480"},"modified":"2026-01-15T23:00:18","modified_gmt":"2026-01-15T23:00:18","slug":"gavebordskilt-2","status":"publish","type":"product","link":"https:\/\/familienkl.dk\/index.php\/vare\/gavebordskilt-2\/","title":{"rendered":"Gavebordskilt"},"content":{"rendered":"<p>Et gavebordet er ofte bare et bord i hj\u00f8rnet og g\u00e6sterne ved aldrig helt hvor de skal g\u00f8re af gaverne.<\/p>\n<p>Med et gavebordskilt kan du nu let guide dine g\u00e6ster i den rigtige retning. Samtidig f\u00e5r de det f\u00f8rste tak for gaven, hvis du\/I er optaget af andet n\u00e5r g\u00e6sterne ankommer.<\/p>\n<p>Skiltet m\u00e5ler ca. 15,5&#215;25 cm og er lavet i graveret birkefiner.<\/p>\n<p>Som tilvalg kan der ogs\u00e5 v\u00e6lges en fod til skiltet s\u00e5 det kan st\u00e5 p\u00e5 et bord eller lignende.<\/p>\n<p><img loading=\"lazy\" decoding=\"async\" class=\"alignnone size-medium wp-image-1478\" src=\"https:\/\/familienkl.dk\/wp-content\/uploads\/2026\/01\/8F8A9503-300x300.jpg\" alt=\"\" width=\"300\" height=\"300\" srcset=\"https:\/\/familienkl.dk\/wp-content\/uploads\/2026\/01\/8F8A9503-300x300.jpg 300w, https:\/\/familienkl.dk\/wp-content\/uploads\/2026\/01\/8F8A9503-150x150.jpg 150w, https:\/\/familienkl.dk\/wp-content\/uploads\/2026\/01\/8F8A9503-768x768.jpg 768w, https:\/\/familienkl.dk\/wp-content\/uploads\/2026\/01\/8F8A9503-600x600.jpg 600w, https:\/\/familienkl.dk\/wp-content\/uploads\/2026\/01\/8F8A9503-100x100.jpg 100w, https:\/\/familienkl.dk\/wp-content\/uploads\/2026\/01\/8F8A9503.jpg 1000w\" sizes=\"auto, (max-width: 300px) 100vw, 300px\" \/><\/p>\n","protected":false},"excerpt":{"rendered":"<p>Et gavebordet er ofte bare et bord i hj\u00f8rnet og g\u00e6sterne ved aldrig helt hvor de skal g\u00f8re af gaverne. Med et gavebordskilt kan du nu let guide dine g\u00e6ster i den rigtige retning. Samtidig f\u00e5r de det f\u00f8rste tak for gaven, hvis du\/I er optaget af andet n\u00e5r g\u00e6sterne ankommer. Skiltet m\u00e5ler ca. 15,5&#215;25 [&hellip;]<\/p>\n","protected":false},"featured_media":1475,"template":"","meta":{"om_disable_all_campaigns":false,"_monsterinsights_skip_tracking":false,"_monsterinsights_sitenote_active":false,"_monsterinsights_sitenote_note":"","_monsterinsights_sitenote_category":0,"site-sidebar-layout":"default","site-content-layout":"","ast-site-content-layout":"default","site-content-style":"default","site-sidebar-style":"default","ast-global-header-display":"","ast-banner-title-visibility":"","ast-main-header-display":"","ast-hfb-above-header-display":"","ast-hfb-below-header-display":"","ast-hfb-mobile-header-display":"","site-post-title":"","ast-breadcrumbs-content":"","ast-featured-img":"","footer-sml-layout":"","ast-disable-related-posts":"","theme-transparent-header-meta":"default","adv-header-id-meta":"","stick-header-meta":"","header-above-stick-meta":"","header-main-stick-meta":"","header-below-stick-meta":"","astra-migrate-meta-layouts":"set","ast-page-background-enabled":"default","ast-page-background-meta":{"desktop":{"background-color":"var(--ast-global-color-4)","background-image":"","background-repeat":"repeat","background-position":"center center","background-size":"auto","background-attachment":"scroll","background-type":"","background-media":"","overlay-type":"","overlay-color":"","overlay-opacity":"","overlay-gradient":""},"tablet":{"background-color":"","background-image":"","background-repeat":"repeat","background-position":"center center","background-size":"auto","background-attachment":"scroll","background-type":"","background-media":"","overlay-type":"","overlay-color":"","overlay-opacity":"","overlay-gradient":""},"mobile":{"background-color":"","background-image":"","background-repeat":"repeat","background-position":"center center","background-size":"auto","background-attachment":"scroll","background-type":"","background-media":"","overlay-type":"","overlay-color":"","overlay-opacity":"","overlay-gradient":""}},"ast-content-background-meta":{"desktop":{"background-color":"var(--ast-global-color-5)","background-image":"","background-repeat":"repeat","background-position":"center center","background-size":"auto","background-attachment":"scroll","background-type":"","background-media":"","overlay-type":"","overlay-color":"","overlay-opacity":"","overlay-gradient":""},"tablet":{"background-color":"var(--ast-global-color-5)","background-image":"","background-repeat":"repeat","background-position":"center center","background-size":"auto","background-attachment":"scroll","background-type":"","background-media":"","overlay-type":"","overlay-color":"","overlay-opacity":"","overlay-gradient":""},"mobile":{"background-color":"var(--ast-global-color-5)","background-image":"","background-repeat":"repeat","background-position":"center center","background-size":"auto","background-attachment":"scroll","background-type":"","background-media":"","overlay-type":"","overlay-color":"","overlay-opacity":"","overlay-gradient":""}}},"product_brand":[],"product_cat":[66],"product_tag":[],"class_list":{"0":"post-1480","1":"product","2":"type-product","3":"status-publish","4":"has-post-thumbnail","6":"product_cat-festskilte","7":"desktop-align-left","8":"tablet-align-left","9":"mobile-align-left","11":"first","12":"instock","13":"taxable","14":"shipping-taxable","15":"purchasable","16":"product-type-simple"},"aioseo_notices":[],"jetpack_sharing_enabled":true,"_links":{"self":[{"href":"https:\/\/familienkl.dk\/index.php\/wp-json\/wp\/v2\/product\/1480","targetHints":{"allow":["GET"]}}],"collection":[{"href":"https:\/\/familienkl.dk\/index.php\/wp-json\/wp\/v2\/product"}],"about":[{"href":"https:\/\/familienkl.dk\/index.php\/wp-json\/wp\/v2\/types\/product"}],"wp:featuredmedia":[{"embeddable":true,"href":"https:\/\/familienkl.dk\/index.php\/wp-json\/wp\/v2\/media\/1475"}],"wp:attachment":[{"href":"https:\/\/familienkl.dk\/index.php\/wp-json\/wp\/v2\/media?parent=1480"}],"wp:term":[{"taxonomy":"product_brand","embeddable":true,"href":"https:\/\/familienkl.dk\/index.php\/wp-json\/wp\/v2\/product_brand?post=1480"},{"taxonomy":"product_cat","embeddable":true,"href":"https:\/\/familienkl.dk\/index.php\/wp-json\/wp\/v2\/product_cat?post=1480"},{"taxonomy":"product_tag","embeddable":true,"href":"https:\/\/familienkl.dk\/index.php\/wp-json\/wp\/v2\/product_tag?post=1480"}],"curies":[{"name":"wp","href":"https:\/\/api.w.org\/{rel}","templated":true}]}}