{"id":450,"date":"2023-11-19T18:49:51","date_gmt":"2023-11-19T18:49:51","guid":{"rendered":"http:\/\/46.4.121.70\/~familie6\/?page_id=450"},"modified":"2023-11-19T19:36:35","modified_gmt":"2023-11-19T19:36:35","slug":"din-store-fest","status":"publish","type":"page","link":"https:\/\/familienkl.dk\/index.php\/din-store-fest\/","title":{"rendered":"Din store fest"},"content":{"rendered":"\n<p><strong>Lad os hj\u00e6lpe med at s\u00e6tte prikken over i&#8217;et til din fest<\/strong><\/p>\n\n\n\n<p>Skal du holde fest og har du en ide til hvordan pynten skal v\u00e6re, men har du ikke kunnet finde det andre steder?<\/p>\n\n\n\n<p>S\u00e5 er du kommet til det rette sted, uanset om det er bordkort, bordpynt, bordplansoversigt eller velkomstskilte osv. du er p\u00e5 jagt efter.<\/p>\n\n\n\n<p>Vi har selv kompetancerne til b\u00e5de at designe og fremstille, s\u00e5 her er der ikke langt fra tanke til handling. Vi har dermed ogs\u00e5 mulighed for at designe alt det pynt du skal bruge inden for samme tema eller genre. Du skal derfor ikke selv g\u00f8re andet end komme med dine ideer og kommentar undervejs i forl\u00f8bet fra ide til f\u00e6rdig produkt.<\/p>\n\n\n\n<p>Vi har mulighed for at arbejde i tr\u00e6, akryl, l\u00e6der og folie, s\u00e5 det er som regel kun fantasien der s\u00e6tter gr\u00e6nser.&nbsp;<\/p>\n\n\n\n<p>Da alt festpynt designes specielt til dig, har vi det ikke i vores faste sortiment p\u00e5 webshoppen, s\u00e5 skriv endelig p\u00e5 <strong><u>Rikke@familienkl.dk<\/u><\/strong>, s\u00e5 giver vi gerne et bud p\u00e5 hvordan vi kan oms\u00e6tte dine ider til virkelighed.<\/p>\n\n\n\n<p>Priserne p\u00e5 det forskellige festpynt afh\u00e6nger af materialevalget og hvor vilde ideer du har. Men skriv endelig, vi er meget rimelige og giver gerne et godt tilbud. Jo st\u00f8rre pakke, jo bedre pris kan vi lave.<\/p>\n\n\n\n<p>Se i galleriet ovenover, hvad vi tidligere har lavet til andre fester.<\/p>\n\n\n\n<div class=\"wp-block-jetpack-slideshow aligncenter\" data-effect=\"slide\"><div class=\"wp-block-jetpack-slideshow_container swiper-container\"><ul class=\"wp-block-jetpack-slideshow_swiper-wrapper swiper-wrapper\"><li class=\"wp-block-jetpack-slideshow_slide swiper-slide\"><figure><img loading=\"lazy\" decoding=\"async\" width=\"1024\" height=\"768\" alt=\"\" class=\"wp-block-jetpack-slideshow_image wp-image-451\" data-id=\"451\" src=\"https:\/\/familienkl.dk\/wp-content\/uploads\/2023\/11\/266956039_1349137535540946_3418846629463036368_n-1-1024x768.jpg\" srcset=\"https:\/\/familienkl.dk\/wp-content\/uploads\/2023\/11\/266956039_1349137535540946_3418846629463036368_n-1-1024x768.jpg 1024w, https:\/\/familienkl.dk\/wp-content\/uploads\/2023\/11\/266956039_1349137535540946_3418846629463036368_n-1-300x225.jpg 300w, https:\/\/familienkl.dk\/wp-content\/uploads\/2023\/11\/266956039_1349137535540946_3418846629463036368_n-1-768x576.jpg 768w, https:\/\/familienkl.dk\/wp-content\/uploads\/2023\/11\/266956039_1349137535540946_3418846629463036368_n-1-600x450.jpg 600w, https:\/\/familienkl.dk\/wp-content\/uploads\/2023\/11\/266956039_1349137535540946_3418846629463036368_n-1.jpg 1118w\" sizes=\"(max-width: 1024px) 100vw, 1024px\" \/><\/figure><\/li><li class=\"wp-block-jetpack-slideshow_slide swiper-slide\"><figure><img loading=\"lazy\" decoding=\"async\" width=\"1024\" height=\"768\" alt=\"\" class=\"wp-block-jetpack-slideshow_image wp-image-452\" data-id=\"452\" src=\"https:\/\/familienkl.dk\/wp-content\/uploads\/2023\/11\/268816341_1321890721557983_6322144550181583191_n-1-1024x768.jpg\" srcset=\"https:\/\/familienkl.dk\/wp-content\/uploads\/2023\/11\/268816341_1321890721557983_6322144550181583191_n-1-1024x768.jpg 1024w, https:\/\/familienkl.dk\/wp-content\/uploads\/2023\/11\/268816341_1321890721557983_6322144550181583191_n-1-300x225.jpg 300w, https:\/\/familienkl.dk\/wp-content\/uploads\/2023\/11\/268816341_1321890721557983_6322144550181583191_n-1-768x576.jpg 768w, https:\/\/familienkl.dk\/wp-content\/uploads\/2023\/11\/268816341_1321890721557983_6322144550181583191_n-1-600x450.jpg 600w, https:\/\/familienkl.dk\/wp-content\/uploads\/2023\/11\/268816341_1321890721557983_6322144550181583191_n-1.jpg 1118w\" sizes=\"(max-width: 1024px) 100vw, 1024px\" \/><\/figure><\/li><li class=\"wp-block-jetpack-slideshow_slide swiper-slide\"><figure><img loading=\"lazy\" decoding=\"async\" width=\"576\" height=\"1024\" alt=\"\" class=\"wp-block-jetpack-slideshow_image wp-image-453\" data-id=\"453\" src=\"https:\/\/familienkl.dk\/wp-content\/uploads\/2023\/11\/269487258_454741209385996_3495833905896545897_n.jpg\" srcset=\"https:\/\/familienkl.dk\/wp-content\/uploads\/2023\/11\/269487258_454741209385996_3495833905896545897_n.jpg 576w, https:\/\/familienkl.dk\/wp-content\/uploads\/2023\/11\/269487258_454741209385996_3495833905896545897_n-169x300.jpg 169w\" sizes=\"(max-width: 576px) 100vw, 576px\" \/><\/figure><\/li><li class=\"wp-block-jetpack-slideshow_slide swiper-slide\"><figure><img loading=\"lazy\" decoding=\"async\" width=\"768\" height=\"1024\" alt=\"\" class=\"wp-block-jetpack-slideshow_image wp-image-454\" data-id=\"454\" src=\"https:\/\/familienkl.dk\/wp-content\/uploads\/2023\/11\/271067765_464090918455605_361657936118668363_n-768x1024.jpg\" srcset=\"https:\/\/familienkl.dk\/wp-content\/uploads\/2023\/11\/271067765_464090918455605_361657936118668363_n-768x1024.jpg 768w, https:\/\/familienkl.dk\/wp-content\/uploads\/2023\/11\/271067765_464090918455605_361657936118668363_n-225x300.jpg 225w, https:\/\/familienkl.dk\/wp-content\/uploads\/2023\/11\/271067765_464090918455605_361657936118668363_n-1152x1536.jpg 1152w, https:\/\/familienkl.dk\/wp-content\/uploads\/2023\/11\/271067765_464090918455605_361657936118668363_n-1320x1760.jpg 1320w, https:\/\/familienkl.dk\/wp-content\/uploads\/2023\/11\/271067765_464090918455605_361657936118668363_n-600x800.jpg 600w, https:\/\/familienkl.dk\/wp-content\/uploads\/2023\/11\/271067765_464090918455605_361657936118668363_n.jpg 1536w\" sizes=\"(max-width: 768px) 100vw, 768px\" \/><\/figure><\/li><li class=\"wp-block-jetpack-slideshow_slide swiper-slide\"><figure><img loading=\"lazy\" decoding=\"async\" width=\"768\" height=\"1024\" alt=\"\" class=\"wp-block-jetpack-slideshow_image wp-image-455\" data-id=\"455\" src=\"https:\/\/familienkl.dk\/wp-content\/uploads\/2023\/11\/bordkort_i_trae-768x1024.jpg\" srcset=\"https:\/\/familienkl.dk\/wp-content\/uploads\/2023\/11\/bordkort_i_trae-768x1024.jpg 768w, https:\/\/familienkl.dk\/wp-content\/uploads\/2023\/11\/bordkort_i_trae-225x300.jpg 225w, https:\/\/familienkl.dk\/wp-content\/uploads\/2023\/11\/bordkort_i_trae-1152x1536.jpg 1152w, https:\/\/familienkl.dk\/wp-content\/uploads\/2023\/11\/bordkort_i_trae-1320x1760.jpg 1320w, https:\/\/familienkl.dk\/wp-content\/uploads\/2023\/11\/bordkort_i_trae-600x800.jpg 600w, https:\/\/familienkl.dk\/wp-content\/uploads\/2023\/11\/bordkort_i_trae.jpg 1536w\" sizes=\"(max-width: 768px) 100vw, 768px\" \/><\/figure><\/li><li class=\"wp-block-jetpack-slideshow_slide swiper-slide\"><figure><img loading=\"lazy\" decoding=\"async\" width=\"768\" height=\"1024\" alt=\"\" class=\"wp-block-jetpack-slideshow_image wp-image-456\" data-id=\"456\" src=\"https:\/\/familienkl.dk\/wp-content\/uploads\/2023\/11\/raat_bordkort-768x1024.jpg\" srcset=\"https:\/\/familienkl.dk\/wp-content\/uploads\/2023\/11\/raat_bordkort-768x1024.jpg 768w, https:\/\/familienkl.dk\/wp-content\/uploads\/2023\/11\/raat_bordkort-225x300.jpg 225w, https:\/\/familienkl.dk\/wp-content\/uploads\/2023\/11\/raat_bordkort-1152x1536.jpg 1152w, https:\/\/familienkl.dk\/wp-content\/uploads\/2023\/11\/raat_bordkort-1320x1760.jpg 1320w, https:\/\/familienkl.dk\/wp-content\/uploads\/2023\/11\/raat_bordkort-600x800.jpg 600w, https:\/\/familienkl.dk\/wp-content\/uploads\/2023\/11\/raat_bordkort.jpg 1536w\" sizes=\"(max-width: 768px) 100vw, 768px\" \/><\/figure><\/li><li class=\"wp-block-jetpack-slideshow_slide swiper-slide\"><figure><img loading=\"lazy\" decoding=\"async\" width=\"1024\" height=\"1024\" alt=\"\" class=\"wp-block-jetpack-slideshow_image wp-image-457\" data-id=\"457\" src=\"https:\/\/familienkl.dk\/wp-content\/uploads\/2023\/11\/Softball_pynt-1024x1024.jpg\" srcset=\"https:\/\/familienkl.dk\/wp-content\/uploads\/2023\/11\/Softball_pynt-1024x1024.jpg 1024w, https:\/\/familienkl.dk\/wp-content\/uploads\/2023\/11\/Softball_pynt-300x300.jpg 300w, https:\/\/familienkl.dk\/wp-content\/uploads\/2023\/11\/Softball_pynt-150x150.jpg 150w, https:\/\/familienkl.dk\/wp-content\/uploads\/2023\/11\/Softball_pynt-768x768.jpg 768w, https:\/\/familienkl.dk\/wp-content\/uploads\/2023\/11\/Softball_pynt-600x600.jpg 600w, https:\/\/familienkl.dk\/wp-content\/uploads\/2023\/11\/Softball_pynt-100x100.jpg 100w, https:\/\/familienkl.dk\/wp-content\/uploads\/2023\/11\/Softball_pynt.jpg 1125w\" sizes=\"(max-width: 1024px) 100vw, 1024px\" \/><\/figure><\/li><\/ul><a class=\"wp-block-jetpack-slideshow_button-prev swiper-button-prev swiper-button-white\" role=\"button\"><\/a><a class=\"wp-block-jetpack-slideshow_button-next swiper-button-next swiper-button-white\" role=\"button\"><\/a><a aria-label=\"Pause Slideshow\" class=\"wp-block-jetpack-slideshow_button-pause\" role=\"button\"><\/a><div class=\"wp-block-jetpack-slideshow_pagination swiper-pagination swiper-pagination-white\"><\/div><\/div><\/div>\n","protected":false},"excerpt":{"rendered":"<p>Lad os hj\u00e6lpe med at s\u00e6tte prikken over i&#8217;et til din fest Skal du holde fest og har du en ide til hvordan pynten skal v\u00e6re, men har du ikke kunnet finde det andre steder? S\u00e5 er du kommet til det rette sted, uanset om det er bordkort, bordpynt, bordplansoversigt eller velkomstskilte osv. du er [&hellip;]<\/p>\n","protected":false},"author":1,"featured_media":0,"parent":0,"menu_order":0,"comment_status":"closed","ping_status":"closed","template":"","meta":{"om_disable_all_campaigns":false,"_monsterinsights_skip_tracking":false,"_monsterinsights_sitenote_active":false,"_monsterinsights_sitenote_note":"","_monsterinsights_sitenote_category":0,"site-sidebar-layout":"default","site-content-layout":"","ast-site-content-layout":"default","site-content-style":"default","site-sidebar-style":"default","ast-global-header-display":"","ast-banner-title-visibility":"","ast-main-header-display":"","ast-hfb-above-header-display":"","ast-hfb-below-header-display":"","ast-hfb-mobile-header-display":"","site-post-title":"","ast-breadcrumbs-content":"","ast-featured-img":"","footer-sml-layout":"","ast-disable-related-posts":"","theme-transparent-header-meta":"","adv-header-id-meta":"","stick-header-meta":"","header-above-stick-meta":"","header-main-stick-meta":"","header-below-stick-meta":"","astra-migrate-meta-layouts":"default","ast-page-background-enabled":"default","ast-page-background-meta":{"desktop":{"background-color":"var(--ast-global-color-4)","background-image":"","background-repeat":"repeat","background-position":"center center","background-size":"auto","background-attachment":"scroll","background-type":"","background-media":"","overlay-type":"","overlay-color":"","overlay-opacity":"","overlay-gradient":""},"tablet":{"background-color":"","background-image":"","background-repeat":"repeat","background-position":"center center","background-size":"auto","background-attachment":"scroll","background-type":"","background-media":"","overlay-type":"","overlay-color":"","overlay-opacity":"","overlay-gradient":""},"mobile":{"background-color":"","background-image":"","background-repeat":"repeat","background-position":"center center","background-size":"auto","background-attachment":"scroll","background-type":"","background-media":"","overlay-type":"","overlay-color":"","overlay-opacity":"","overlay-gradient":""}},"ast-content-background-meta":{"desktop":{"background-color":"var(--ast-global-color-5)","background-image":"","background-repeat":"repeat","background-position":"center center","background-size":"auto","background-attachment":"scroll","background-type":"","background-media":"","overlay-type":"","overlay-color":"","overlay-opacity":"","overlay-gradient":""},"tablet":{"background-color":"var(--ast-global-color-5)","background-image":"","background-repeat":"repeat","background-position":"center center","background-size":"auto","background-attachment":"scroll","background-type":"","background-media":"","overlay-type":"","overlay-color":"","overlay-opacity":"","overlay-gradient":""},"mobile":{"background-color":"var(--ast-global-color-5)","background-image":"","background-repeat":"repeat","background-position":"center center","background-size":"auto","background-attachment":"scroll","background-type":"","background-media":"","overlay-type":"","overlay-color":"","overlay-opacity":"","overlay-gradient":""}},"footnotes":""},"class_list":["post-450","page","type-page","status-publish","hentry"],"aioseo_notices":[],"jetpack_sharing_enabled":true,"_links":{"self":[{"href":"https:\/\/familienkl.dk\/index.php\/wp-json\/wp\/v2\/pages\/450","targetHints":{"allow":["GET"]}}],"collection":[{"href":"https:\/\/familienkl.dk\/index.php\/wp-json\/wp\/v2\/pages"}],"about":[{"href":"https:\/\/familienkl.dk\/index.php\/wp-json\/wp\/v2\/types\/page"}],"author":[{"embeddable":true,"href":"https:\/\/familienkl.dk\/index.php\/wp-json\/wp\/v2\/users\/1"}],"replies":[{"embeddable":true,"href":"https:\/\/familienkl.dk\/index.php\/wp-json\/wp\/v2\/comments?post=450"}],"version-history":[{"count":2,"href":"https:\/\/familienkl.dk\/index.php\/wp-json\/wp\/v2\/pages\/450\/revisions"}],"predecessor-version":[{"id":473,"href":"https:\/\/familienkl.dk\/index.php\/wp-json\/wp\/v2\/pages\/450\/revisions\/473"}],"wp:attachment":[{"href":"https:\/\/familienkl.dk\/index.php\/wp-json\/wp\/v2\/media?parent=450"}],"curies":[{"name":"wp","href":"https:\/\/api.w.org\/{rel}","templated":true}]}}