{"id":430,"date":"2023-11-19T14:48:19","date_gmt":"2023-11-19T14:48:19","guid":{"rendered":"http:\/\/46.4.121.70\/~familie6\/?page_id=430"},"modified":"2023-11-19T15:12:39","modified_gmt":"2023-11-19T15:12:39","slug":"specialordrer","status":"publish","type":"page","link":"https:\/\/familienkl.dk\/index.php\/specialordrer\/","title":{"rendered":"Specialordrer"},"content":{"rendered":"\n<p>Vi tager imod specialordrer af alle st\u00f8rrelser &#8211; Der er ingen krav om minimums bestilling.<\/p>\n\n\n\n<p>Skal du bruge bordpynt til en fest, et nyt skilt\/logo til din virksomhed, gaver til kunder, pynt til hjemmet? Mulighederne er mange og da vi har b\u00e5de lasersk\u00e6re og foliesk\u00e6re tilr\u00e5dighed, er det ofte kun fantasien der s\u00e6tter gr\u00e6nser.<\/p>\n\n\n\n<p>Vi har mulighed for at arbejde i tr\u00e6, l\u00e6der, akryl og folie.&nbsp;<\/p>\n\n\n\n<p>Herunder kan du se et udpluk af, nogle af de specialordrer vi har lavet gennem tiden.<\/p>\n\n\n\n<h2 class=\"wp-block-heading\">Eksempler p\u00e5 samarbejde med virksomheder: <\/h2>\n\n\n\n<div class=\"wp-block-columns is-layout-flex wp-container-core-columns-is-layout-28f84493 wp-block-columns-is-layout-flex\">\n<div class=\"wp-block-column is-layout-flow wp-block-column-is-layout-flow\">\n<h3 class=\"wp-block-heading\">Champagnekassen:<\/h3>\n\n\n\n<p>Dinna fra Champagnekassen, s\u00f8gte efter tags, som de kunne bruge til deres adventskalender. I et samarbejde kom vi frem til et design, som passede til deres stil. <\/p>\n\n\n\n<blockquote class=\"wp-block-quote is-layout-flow wp-block-quote-is-layout-flow\">\n<p>Samarbejdet med Familien KL har v\u00e6ret fantastisk. B\u00e5de den kreative proces, hvor vi har sparret med hinanden &#8211; men ogs\u00e5 selve produktionen og leveringen. Alt spillede \u2b50\ufe0f\u2b50\ufe0f\u2b50\ufe0f\u2b50\ufe0f\u2b50\ufe0f<\/p>\n\n\n\n<p>Dinna, ejer af Champagnekassen<\/p>\n<\/blockquote>\n<\/div>\n\n\n\n<div class=\"wp-block-column is-layout-flow wp-block-column-is-layout-flow\">\n<div class=\"wp-block-jetpack-slideshow aligncenter\" data-effect=\"slide\"><div class=\"wp-block-jetpack-slideshow_container swiper-container\"><ul class=\"wp-block-jetpack-slideshow_swiper-wrapper swiper-wrapper\"><li class=\"wp-block-jetpack-slideshow_slide swiper-slide\"><figure><img loading=\"lazy\" decoding=\"async\" width=\"1024\" height=\"1024\" alt=\"\" class=\"wp-block-jetpack-slideshow_image wp-image-431\" data-id=\"431\" src=\"https:\/\/familienkl.dk\/wp-content\/uploads\/2023\/11\/champange_tags-1024x1024.jpg\" srcset=\"https:\/\/familienkl.dk\/wp-content\/uploads\/2023\/11\/champange_tags-1024x1024.jpg 1024w, https:\/\/familienkl.dk\/wp-content\/uploads\/2023\/11\/champange_tags-300x300.jpg 300w, https:\/\/familienkl.dk\/wp-content\/uploads\/2023\/11\/champange_tags-150x150.jpg 150w, https:\/\/familienkl.dk\/wp-content\/uploads\/2023\/11\/champange_tags-768x768.jpg 768w, https:\/\/familienkl.dk\/wp-content\/uploads\/2023\/11\/champange_tags-1536x1536.jpg 1536w, https:\/\/familienkl.dk\/wp-content\/uploads\/2023\/11\/champange_tags-1320x1320.jpg 1320w, https:\/\/familienkl.dk\/wp-content\/uploads\/2023\/11\/champange_tags-600x600.jpg 600w, https:\/\/familienkl.dk\/wp-content\/uploads\/2023\/11\/champange_tags-100x100.jpg 100w, https:\/\/familienkl.dk\/wp-content\/uploads\/2023\/11\/champange_tags.jpg 2048w\" sizes=\"(max-width: 1024px) 100vw, 1024px\" \/><\/figure><\/li><\/ul><a class=\"wp-block-jetpack-slideshow_button-prev swiper-button-prev swiper-button-white\" role=\"button\"><\/a><a class=\"wp-block-jetpack-slideshow_button-next swiper-button-next swiper-button-white\" role=\"button\"><\/a><a aria-label=\"Pause Slideshow\" class=\"wp-block-jetpack-slideshow_button-pause\" role=\"button\"><\/a><div class=\"wp-block-jetpack-slideshow_pagination swiper-pagination swiper-pagination-white\"><\/div><\/div><\/div>\n<\/div>\n<\/div>\n\n\n\n<div class=\"wp-block-columns is-layout-flex wp-container-core-columns-is-layout-28f84493 wp-block-columns-is-layout-flex\">\n<div class=\"wp-block-column is-layout-flow wp-block-column-is-layout-flow\">\n<h3 class=\"wp-block-heading\">Cafe Greenhouse, Silkeborg<\/h3>\n\n\n\n<p>I julen 2021, blev vi inviteret p\u00e5 Cafe Greenhouse i Silkeborg, som havde inviterert lokalomr\u00e5det til julestue.<\/p>\n\n\n\n<p>Caf\u00e9n have p\u00e5 forh\u00e5nd bestilt et nyt logo til deres bar og det ville vi selvf\u00f8lgelig gerne lave til dem.<\/p>\n<\/div>\n\n\n\n<div class=\"wp-block-column is-layout-flow wp-block-column-is-layout-flow\">\n<div class=\"wp-block-jetpack-slideshow aligncenter\" data-effect=\"slide\"><div class=\"wp-block-jetpack-slideshow_container swiper-container\"><ul class=\"wp-block-jetpack-slideshow_swiper-wrapper swiper-wrapper\"><li class=\"wp-block-jetpack-slideshow_slide swiper-slide\"><figure><img loading=\"lazy\" decoding=\"async\" width=\"1024\" height=\"1024\" alt=\"\" class=\"wp-block-jetpack-slideshow_image wp-image-434\" data-id=\"434\" src=\"https:\/\/familienkl.dk\/wp-content\/uploads\/2023\/11\/bar_logo-1024x1024.jpg\" srcset=\"https:\/\/familienkl.dk\/wp-content\/uploads\/2023\/11\/bar_logo-1024x1024.jpg 1024w, https:\/\/familienkl.dk\/wp-content\/uploads\/2023\/11\/bar_logo-300x300.jpg 300w, https:\/\/familienkl.dk\/wp-content\/uploads\/2023\/11\/bar_logo-150x150.jpg 150w, https:\/\/familienkl.dk\/wp-content\/uploads\/2023\/11\/bar_logo-768x768.jpg 768w, https:\/\/familienkl.dk\/wp-content\/uploads\/2023\/11\/bar_logo-1320x1320.jpg 1320w, https:\/\/familienkl.dk\/wp-content\/uploads\/2023\/11\/bar_logo-600x600.jpg 600w, https:\/\/familienkl.dk\/wp-content\/uploads\/2023\/11\/bar_logo-100x100.jpg 100w, https:\/\/familienkl.dk\/wp-content\/uploads\/2023\/11\/bar_logo.jpg 1440w\" sizes=\"(max-width: 1024px) 100vw, 1024px\" \/><\/figure><\/li><li class=\"wp-block-jetpack-slideshow_slide swiper-slide\"><figure><img loading=\"lazy\" decoding=\"async\" width=\"768\" height=\"1024\" alt=\"\" class=\"wp-block-jetpack-slideshow_image wp-image-435\" data-id=\"435\" src=\"https:\/\/familienkl.dk\/wp-content\/uploads\/2023\/11\/Logo_bar-768x1024.jpg\" srcset=\"https:\/\/familienkl.dk\/wp-content\/uploads\/2023\/11\/Logo_bar-768x1024.jpg 768w, https:\/\/familienkl.dk\/wp-content\/uploads\/2023\/11\/Logo_bar-225x300.jpg 225w, https:\/\/familienkl.dk\/wp-content\/uploads\/2023\/11\/Logo_bar-1152x1536.jpg 1152w, https:\/\/familienkl.dk\/wp-content\/uploads\/2023\/11\/Logo_bar-1536x2048.jpg 1536w, https:\/\/familienkl.dk\/wp-content\/uploads\/2023\/11\/Logo_bar-1320x1760.jpg 1320w, https:\/\/familienkl.dk\/wp-content\/uploads\/2023\/11\/Logo_bar-600x800.jpg 600w, https:\/\/familienkl.dk\/wp-content\/uploads\/2023\/11\/Logo_bar-scaled.jpg 1920w\" sizes=\"(max-width: 768px) 100vw, 768px\" \/><\/figure><\/li><li class=\"wp-block-jetpack-slideshow_slide swiper-slide\"><figure><img loading=\"lazy\" decoding=\"async\" width=\"1024\" height=\"1024\" alt=\"\" class=\"wp-block-jetpack-slideshow_image wp-image-436\" data-id=\"436\" src=\"https:\/\/familienkl.dk\/wp-content\/uploads\/2023\/11\/Logo_i_trae-1024x1024.jpg\" srcset=\"https:\/\/familienkl.dk\/wp-content\/uploads\/2023\/11\/Logo_i_trae-1024x1024.jpg 1024w, https:\/\/familienkl.dk\/wp-content\/uploads\/2023\/11\/Logo_i_trae-300x300.jpg 300w, https:\/\/familienkl.dk\/wp-content\/uploads\/2023\/11\/Logo_i_trae-150x150.jpg 150w, https:\/\/familienkl.dk\/wp-content\/uploads\/2023\/11\/Logo_i_trae-768x768.jpg 768w, https:\/\/familienkl.dk\/wp-content\/uploads\/2023\/11\/Logo_i_trae-1536x1536.jpg 1536w, https:\/\/familienkl.dk\/wp-content\/uploads\/2023\/11\/Logo_i_trae-2048x2048.jpg 2048w, https:\/\/familienkl.dk\/wp-content\/uploads\/2023\/11\/Logo_i_trae-1320x1320.jpg 1320w, https:\/\/familienkl.dk\/wp-content\/uploads\/2023\/11\/Logo_i_trae-600x600.jpg 600w, https:\/\/familienkl.dk\/wp-content\/uploads\/2023\/11\/Logo_i_trae-100x100.jpg 100w\" sizes=\"(max-width: 1024px) 100vw, 1024px\" \/><\/figure><\/li><\/ul><a class=\"wp-block-jetpack-slideshow_button-prev swiper-button-prev swiper-button-white\" role=\"button\"><\/a><a class=\"wp-block-jetpack-slideshow_button-next swiper-button-next swiper-button-white\" role=\"button\"><\/a><a aria-label=\"Pause Slideshow\" class=\"wp-block-jetpack-slideshow_button-pause\" role=\"button\"><\/a><div class=\"wp-block-jetpack-slideshow_pagination swiper-pagination swiper-pagination-white\"><\/div><\/div><\/div>\n<\/div>\n<\/div>\n\n\n\n<h2 class=\"wp-block-heading\">Eksempler p\u00e5 samarbejde med private:<\/h2>\n\n\n\n<div class=\"wp-block-columns is-layout-flex wp-container-core-columns-is-layout-28f84493 wp-block-columns-is-layout-flex\">\n<div class=\"wp-block-column is-layout-flow wp-block-column-is-layout-flow\">\n<h3 class=\"wp-block-heading\">Konfirmationspynt<\/h3>\n\n\n\n<p>Kamillas s\u00f8n Magnus skulle konfirmeres og til festen manglede de noget pynt der passede til Magnus&#8217; store passion; sejlads. Derfor kontaktede de os med et \u00f8nske om at f\u00e5 lavet noget pynt der faldt i Magnus&#8217; smag. Efter vi sammen havde fundet den \u00f8nskede l\u00f8sning kunne vi levere bordkort, velkomst skilt og bordpynt, alt centreret om sejlads som tema. B\u00e5den der g\u00e5r igen som motiv, er ikke hvilken som helst b\u00e5d, den er tegnet efter Magnus&#8217; egen b\u00e5d, komplet med eget nummer.<\/p>\n\n\n\n<blockquote class=\"wp-block-quote is-layout-flow wp-block-quote-is-layout-flow\">\n<p><em>&#8220;Vi kiggede p\u00e5 mulighederne for unikt pynt til s\u00f8nnens konfirmation, som afspejlede hans store interesse og hvor han selv var en del af processen med indflydelse p\u00e5 designet og selve processen &#8211; Og vi fik en fantastisk service og behandling. De var rigtig gode til at lytte til Magnus \u00f8nsker og lavede det pr\u00e6cis som han \u00f8nskede &#8211; Endda til fornuftige priser og s\u00e5 f\u00f8les det godt at st\u00f8tte en nystartet lokal virksomhed. Til konfirmationsfesten skabte pynten meget opm\u00e6rksom blandt g\u00e6sterne, som var imponeret over det.&#8221;<\/em><\/p>\n\n\n\n<p>Kamilla Boelt Lauridsen <\/p>\n<\/blockquote>\n<\/div>\n\n\n\n<div class=\"wp-block-column is-layout-flow wp-block-column-is-layout-flow\">\n<div class=\"wp-block-jetpack-slideshow aligncenter\" data-effect=\"slide\"><div class=\"wp-block-jetpack-slideshow_container swiper-container\"><ul class=\"wp-block-jetpack-slideshow_swiper-wrapper swiper-wrapper\"><li class=\"wp-block-jetpack-slideshow_slide swiper-slide\"><figure><img loading=\"lazy\" decoding=\"async\" width=\"1024\" height=\"768\" alt=\"\" class=\"wp-block-jetpack-slideshow_image wp-image-445\" data-id=\"445\" src=\"https:\/\/familienkl.dk\/wp-content\/uploads\/2023\/11\/266956039_1349137535540946_3418846629463036368_n-1024x768.jpg\" srcset=\"https:\/\/familienkl.dk\/wp-content\/uploads\/2023\/11\/266956039_1349137535540946_3418846629463036368_n-1024x768.jpg 1024w, https:\/\/familienkl.dk\/wp-content\/uploads\/2023\/11\/266956039_1349137535540946_3418846629463036368_n-300x225.jpg 300w, https:\/\/familienkl.dk\/wp-content\/uploads\/2023\/11\/266956039_1349137535540946_3418846629463036368_n-768x576.jpg 768w, https:\/\/familienkl.dk\/wp-content\/uploads\/2023\/11\/266956039_1349137535540946_3418846629463036368_n-600x450.jpg 600w, https:\/\/familienkl.dk\/wp-content\/uploads\/2023\/11\/266956039_1349137535540946_3418846629463036368_n.jpg 1118w\" sizes=\"(max-width: 1024px) 100vw, 1024px\" \/><\/figure><\/li><li class=\"wp-block-jetpack-slideshow_slide swiper-slide\"><figure><img loading=\"lazy\" decoding=\"async\" width=\"1024\" height=\"768\" alt=\"\" class=\"wp-block-jetpack-slideshow_image wp-image-446\" data-id=\"446\" src=\"https:\/\/familienkl.dk\/wp-content\/uploads\/2023\/11\/268816341_1321890721557983_6322144550181583191_n-1024x768.jpg\" srcset=\"https:\/\/familienkl.dk\/wp-content\/uploads\/2023\/11\/268816341_1321890721557983_6322144550181583191_n-1024x768.jpg 1024w, https:\/\/familienkl.dk\/wp-content\/uploads\/2023\/11\/268816341_1321890721557983_6322144550181583191_n-300x225.jpg 300w, https:\/\/familienkl.dk\/wp-content\/uploads\/2023\/11\/268816341_1321890721557983_6322144550181583191_n-768x576.jpg 768w, https:\/\/familienkl.dk\/wp-content\/uploads\/2023\/11\/268816341_1321890721557983_6322144550181583191_n-600x450.jpg 600w, https:\/\/familienkl.dk\/wp-content\/uploads\/2023\/11\/268816341_1321890721557983_6322144550181583191_n.jpg 1118w\" sizes=\"(max-width: 1024px) 100vw, 1024px\" \/><\/figure><\/li><li class=\"wp-block-jetpack-slideshow_slide swiper-slide\"><figure><img loading=\"lazy\" decoding=\"async\" width=\"1024\" height=\"768\" alt=\"\" class=\"wp-block-jetpack-slideshow_image wp-image-447\" data-id=\"447\" src=\"https:\/\/familienkl.dk\/wp-content\/uploads\/2023\/11\/269763891_1060298064753349_2923602375349582689_n-1024x768.jpg\" srcset=\"https:\/\/familienkl.dk\/wp-content\/uploads\/2023\/11\/269763891_1060298064753349_2923602375349582689_n-1024x768.jpg 1024w, https:\/\/familienkl.dk\/wp-content\/uploads\/2023\/11\/269763891_1060298064753349_2923602375349582689_n-300x225.jpg 300w, https:\/\/familienkl.dk\/wp-content\/uploads\/2023\/11\/269763891_1060298064753349_2923602375349582689_n-768x576.jpg 768w, https:\/\/familienkl.dk\/wp-content\/uploads\/2023\/11\/269763891_1060298064753349_2923602375349582689_n-600x450.jpg 600w, https:\/\/familienkl.dk\/wp-content\/uploads\/2023\/11\/269763891_1060298064753349_2923602375349582689_n.jpg 1118w\" sizes=\"(max-width: 1024px) 100vw, 1024px\" \/><\/figure><\/li><li class=\"wp-block-jetpack-slideshow_slide swiper-slide\"><figure><img loading=\"lazy\" decoding=\"async\" width=\"768\" height=\"1024\" alt=\"\" class=\"wp-block-jetpack-slideshow_image wp-image-448\" data-id=\"448\" src=\"https:\/\/familienkl.dk\/wp-content\/uploads\/2023\/11\/jolle_bordpynt_konfirmation-768x1024.jpg\" srcset=\"https:\/\/familienkl.dk\/wp-content\/uploads\/2023\/11\/jolle_bordpynt_konfirmation-768x1024.jpg 768w, https:\/\/familienkl.dk\/wp-content\/uploads\/2023\/11\/jolle_bordpynt_konfirmation-225x300.jpg 225w, https:\/\/familienkl.dk\/wp-content\/uploads\/2023\/11\/jolle_bordpynt_konfirmation-600x800.jpg 600w, https:\/\/familienkl.dk\/wp-content\/uploads\/2023\/11\/jolle_bordpynt_konfirmation.jpg 1122w\" sizes=\"(max-width: 768px) 100vw, 768px\" \/><\/figure><\/li><\/ul><a class=\"wp-block-jetpack-slideshow_button-prev swiper-button-prev swiper-button-white\" role=\"button\"><\/a><a class=\"wp-block-jetpack-slideshow_button-next swiper-button-next swiper-button-white\" role=\"button\"><\/a><a aria-label=\"Pause Slideshow\" class=\"wp-block-jetpack-slideshow_button-pause\" role=\"button\"><\/a><div class=\"wp-block-jetpack-slideshow_pagination swiper-pagination swiper-pagination-white\"><\/div><\/div><\/div>\n<\/div>\n<\/div>\n","protected":false},"excerpt":{"rendered":"<p>Vi tager imod specialordrer af alle st\u00f8rrelser &#8211; Der er ingen krav om minimums bestilling. Skal du bruge bordpynt til en fest, et nyt skilt\/logo til din virksomhed, gaver til kunder, pynt til hjemmet? Mulighederne er mange og da vi har b\u00e5de lasersk\u00e6re og foliesk\u00e6re tilr\u00e5dighed, er det ofte kun fantasien der s\u00e6tter gr\u00e6nser. Vi [&hellip;]<\/p>\n","protected":false},"author":1,"featured_media":0,"parent":0,"menu_order":0,"comment_status":"closed","ping_status":"closed","template":"","meta":{"om_disable_all_campaigns":false,"_monsterinsights_skip_tracking":false,"_monsterinsights_sitenote_active":false,"_monsterinsights_sitenote_note":"","_monsterinsights_sitenote_category":0,"site-sidebar-layout":"default","site-content-layout":"","ast-site-content-layout":"default","site-content-style":"default","site-sidebar-style":"default","ast-global-header-display":"","ast-banner-title-visibility":"","ast-main-header-display":"","ast-hfb-above-header-display":"","ast-hfb-below-header-display":"","ast-hfb-mobile-header-display":"","site-post-title":"","ast-breadcrumbs-content":"","ast-featured-img":"","footer-sml-layout":"","ast-disable-related-posts":"","theme-transparent-header-meta":"","adv-header-id-meta":"","stick-header-meta":"","header-above-stick-meta":"","header-main-stick-meta":"","header-below-stick-meta":"","astra-migrate-meta-layouts":"default","ast-page-background-enabled":"default","ast-page-background-meta":{"desktop":{"background-color":"var(--ast-global-color-4)","background-image":"","background-repeat":"repeat","background-position":"center center","background-size":"auto","background-attachment":"scroll","background-type":"","background-media":"","overlay-type":"","overlay-color":"","overlay-opacity":"","overlay-gradient":""},"tablet":{"background-color":"","background-image":"","background-repeat":"repeat","background-position":"center center","background-size":"auto","background-attachment":"scroll","background-type":"","background-media":"","overlay-type":"","overlay-color":"","overlay-opacity":"","overlay-gradient":""},"mobile":{"background-color":"","background-image":"","background-repeat":"repeat","background-position":"center center","background-size":"auto","background-attachment":"scroll","background-type":"","background-media":"","overlay-type":"","overlay-color":"","overlay-opacity":"","overlay-gradient":""}},"ast-content-background-meta":{"desktop":{"background-color":"var(--ast-global-color-5)","background-image":"","background-repeat":"repeat","background-position":"center center","background-size":"auto","background-attachment":"scroll","background-type":"","background-media":"","overlay-type":"","overlay-color":"","overlay-opacity":"","overlay-gradient":""},"tablet":{"background-color":"var(--ast-global-color-5)","background-image":"","background-repeat":"repeat","background-position":"center center","background-size":"auto","background-attachment":"scroll","background-type":"","background-media":"","overlay-type":"","overlay-color":"","overlay-opacity":"","overlay-gradient":""},"mobile":{"background-color":"var(--ast-global-color-5)","background-image":"","background-repeat":"repeat","background-position":"center center","background-size":"auto","background-attachment":"scroll","background-type":"","background-media":"","overlay-type":"","overlay-color":"","overlay-opacity":"","overlay-gradient":""}},"footnotes":""},"class_list":["post-430","page","type-page","status-publish","hentry"],"aioseo_notices":[],"jetpack_sharing_enabled":true,"_links":{"self":[{"href":"https:\/\/familienkl.dk\/index.php\/wp-json\/wp\/v2\/pages\/430","targetHints":{"allow":["GET"]}}],"collection":[{"href":"https:\/\/familienkl.dk\/index.php\/wp-json\/wp\/v2\/pages"}],"about":[{"href":"https:\/\/familienkl.dk\/index.php\/wp-json\/wp\/v2\/types\/page"}],"author":[{"embeddable":true,"href":"https:\/\/familienkl.dk\/index.php\/wp-json\/wp\/v2\/users\/1"}],"replies":[{"embeddable":true,"href":"https:\/\/familienkl.dk\/index.php\/wp-json\/wp\/v2\/comments?post=430"}],"version-history":[{"count":4,"href":"https:\/\/familienkl.dk\/index.php\/wp-json\/wp\/v2\/pages\/430\/revisions"}],"predecessor-version":[{"id":449,"href":"https:\/\/familienkl.dk\/index.php\/wp-json\/wp\/v2\/pages\/430\/revisions\/449"}],"wp:attachment":[{"href":"https:\/\/familienkl.dk\/index.php\/wp-json\/wp\/v2\/media?parent=430"}],"curies":[{"name":"wp","href":"https:\/\/api.w.org\/{rel}","templated":true}]}}