{"id":2,"date":"2023-10-08T16:37:05","date_gmt":"2023-10-08T16:37:05","guid":{"rendered":"http:\/\/46.4.121.70\/~familie6\/?page_id=2"},"modified":"2023-11-19T13:36:23","modified_gmt":"2023-11-19T13:36:23","slug":"sample-page","status":"publish","type":"page","link":"https:\/\/familienkl.dk\/index.php\/sample-page\/","title":{"rendered":"Velkommen hos Familien KL"},"content":{"rendered":"\n<p><strong>Hils p\u00e5 Familien KL<\/strong><\/p>\n\n\n\n<p>I hvert fald halvdelen af os. For udover os, Allan og Rikke, som i ser p\u00e5 billedet, t\u00e6ller familien ogs\u00e5 vores to drenge \u2013 Storm og Emil. &nbsp;<\/p>\n\n\n\n<p>Til dagligt er Allan ingeni\u00f8r, Rikke er p\u00e6dagog og drengene g\u00e5r i skole. I Familien KL regi, er Allan grafiker\/designer af produkterne og Rikke st\u00e5r for SOME og kundekontakt. &nbsp;&nbsp;&nbsp;<\/p>\n\n\n\n<p>Igennem tiden er der flyttet forskellige maskiner ind p\u00e5 vores lille kontor \u2013 3D printer, foliesk\u00e6rer, men da lasersk\u00e6ren blev tilf\u00f8jet samlingen, at ideen til Familien KL opstod.<\/p>\n\n\n\n<p>Vi har derfor mangle muligheder for at udfolde kreativteten &#8211; og ofte er det kun fantasien der s\u00e6tter gr\u00e6nser.<\/p>\n\n\n\n<p><strong>Hvorfor hedder vi Familien KL<\/strong><\/p>\n\n\n\n<p>Vi har altid nydt at v\u00e6re kreative, hvilket ikke er blevet mindre siden drengene er kommet til. Nu inddrages drengene ofte, i de projekter vi har gang i.<\/p>\n\n\n\n<p>Inden vi startede Familien KL, lavede vi mange projekter til os selv, vores b\u00f8rn, gaver til familien osv. Derfor var det naturligt for os at Familien KL, skulle kunne rumme ting til hele familie og til alle livets aspekter, b\u00e5de til hverdag og store og sm\u00e5 fester og til store og sm\u00e5.<\/p>\n\n\n\n<p>KL&#8217;et stammer fra vores efternavne og da webshoppen her, er et f\u00e6lles familieprojekt, gav det mening for os at inddrage dem.<\/p>\n\n\n\n<p><strong>Husk, at vi gerne hj\u00e6lper dig<\/strong><\/p>\n\n\n\n<p>Vi er s\u00e5 glade for at du har fundet vej til vores lille webshop og h\u00e5ber at du finder noget du kan bruge.&nbsp; Vi elsker at lave personlige produkter, som du eller den du giver produktet til, bliver glade for.<\/p>\n\n\n\n<p>Skulle du selv have en god ide til et projekt, enten til hjemmet eller din store fest &#8211; bryllup, barned\u00e5b, konfirmation &#8211; eller hvad du ellers m\u00e5tte kunne bruge hj\u00e6lp til, s\u00e5 giver vi gerne et bud p\u00e5 hvordan din ide kan blive til virkelighed.<\/p>\n\n\n\n<p>Har du brug for inspiration, kan du kigge ind p\u00e5 vores <a target=\"_blank\" href=\"http:\/\/www.instagram.com\/Familienkl\" rel=\"noreferrer noopener\">Instagram<\/a> eller <a target=\"_blank\" href=\"http:\/\/www.facebook.com\/familienkl\" rel=\"noreferrer noopener\">Facebook<\/a> side, her ligger vi l\u00f8bende op, n\u00e5r vi har lavet noget nyt, enten til os selv og til andre kunder.<\/p>\n\n\n\n<p>Gl\u00e6der os til at hj\u00e6lpe dig.<\/p>\n\n\n\n<p>&#8211; Allan og Rikke<\/p>\n\n\n\n<figure class=\"wp-block-image aligncenter size-large is-resized\"><img loading=\"lazy\" decoding=\"async\" width=\"1024\" height=\"1024\" src=\"https:\/\/familienkl.dk\/wp-content\/uploads\/2023\/11\/IMG_5035-1024x1024.jpeg\" alt=\"\" class=\"wp-image-418\" style=\"width:500px\" srcset=\"https:\/\/familienkl.dk\/wp-content\/uploads\/2023\/11\/IMG_5035-1024x1024.jpeg 1024w, https:\/\/familienkl.dk\/wp-content\/uploads\/2023\/11\/IMG_5035-300x300.jpeg 300w, https:\/\/familienkl.dk\/wp-content\/uploads\/2023\/11\/IMG_5035-150x150.jpeg 150w, https:\/\/familienkl.dk\/wp-content\/uploads\/2023\/11\/IMG_5035-768x768.jpeg 768w, https:\/\/familienkl.dk\/wp-content\/uploads\/2023\/11\/IMG_5035-1536x1536.jpeg 1536w, https:\/\/familienkl.dk\/wp-content\/uploads\/2023\/11\/IMG_5035-2048x2048.jpeg 2048w, https:\/\/familienkl.dk\/wp-content\/uploads\/2023\/11\/IMG_5035-1320x1320.jpeg 1320w, https:\/\/familienkl.dk\/wp-content\/uploads\/2023\/11\/IMG_5035-600x600.jpeg 600w, https:\/\/familienkl.dk\/wp-content\/uploads\/2023\/11\/IMG_5035-100x100.jpeg 100w\" sizes=\"auto, (max-width: 1024px) 100vw, 1024px\" \/><\/figure>\n","protected":false},"excerpt":{"rendered":"<p>Hils p\u00e5 Familien KL I hvert fald halvdelen af os. For udover os, Allan og Rikke, som i ser p\u00e5 billedet, t\u00e6ller familien ogs\u00e5 vores to drenge \u2013 Storm og Emil. &nbsp; Til dagligt er Allan ingeni\u00f8r, Rikke er p\u00e6dagog og drengene g\u00e5r i skole. I Familien KL regi, er Allan grafiker\/designer af produkterne og [&hellip;]<\/p>\n","protected":false},"author":1,"featured_media":0,"parent":0,"menu_order":0,"comment_status":"closed","ping_status":"open","template":"","meta":{"om_disable_all_campaigns":false,"_monsterinsights_skip_tracking":false,"_monsterinsights_sitenote_active":false,"_monsterinsights_sitenote_note":"","_monsterinsights_sitenote_category":0,"site-sidebar-layout":"default","site-content-layout":"","ast-site-content-layout":"default","site-content-style":"default","site-sidebar-style":"default","ast-global-header-display":"","ast-banner-title-visibility":"","ast-main-header-display":"","ast-hfb-above-header-display":"","ast-hfb-below-header-display":"","ast-hfb-mobile-header-display":"","site-post-title":"","ast-breadcrumbs-content":"","ast-featured-img":"","footer-sml-layout":"","ast-disable-related-posts":"","theme-transparent-header-meta":"","adv-header-id-meta":"","stick-header-meta":"","header-above-stick-meta":"","header-main-stick-meta":"","header-below-stick-meta":"","astra-migrate-meta-layouts":"default","ast-page-background-enabled":"default","ast-page-background-meta":{"desktop":{"background-color":"var(--ast-global-color-4)","background-image":"","background-repeat":"repeat","background-position":"center center","background-size":"auto","background-attachment":"scroll","background-type":"","background-media":"","overlay-type":"","overlay-color":"","overlay-opacity":"","overlay-gradient":""},"tablet":{"background-color":"","background-image":"","background-repeat":"repeat","background-position":"center center","background-size":"auto","background-attachment":"scroll","background-type":"","background-media":"","overlay-type":"","overlay-color":"","overlay-opacity":"","overlay-gradient":""},"mobile":{"background-color":"","background-image":"","background-repeat":"repeat","background-position":"center center","background-size":"auto","background-attachment":"scroll","background-type":"","background-media":"","overlay-type":"","overlay-color":"","overlay-opacity":"","overlay-gradient":""}},"ast-content-background-meta":{"desktop":{"background-color":"var(--ast-global-color-5)","background-image":"","background-repeat":"repeat","background-position":"center center","background-size":"auto","background-attachment":"scroll","background-type":"","background-media":"","overlay-type":"","overlay-color":"","overlay-opacity":"","overlay-gradient":""},"tablet":{"background-color":"var(--ast-global-color-5)","background-image":"","background-repeat":"repeat","background-position":"center center","background-size":"auto","background-attachment":"scroll","background-type":"","background-media":"","overlay-type":"","overlay-color":"","overlay-opacity":"","overlay-gradient":""},"mobile":{"background-color":"var(--ast-global-color-5)","background-image":"","background-repeat":"repeat","background-position":"center center","background-size":"auto","background-attachment":"scroll","background-type":"","background-media":"","overlay-type":"","overlay-color":"","overlay-opacity":"","overlay-gradient":""}},"footnotes":""},"class_list":["post-2","page","type-page","status-publish","hentry"],"aioseo_notices":[],"jetpack_sharing_enabled":true,"_links":{"self":[{"href":"https:\/\/familienkl.dk\/index.php\/wp-json\/wp\/v2\/pages\/2","targetHints":{"allow":["GET"]}}],"collection":[{"href":"https:\/\/familienkl.dk\/index.php\/wp-json\/wp\/v2\/pages"}],"about":[{"href":"https:\/\/familienkl.dk\/index.php\/wp-json\/wp\/v2\/types\/page"}],"author":[{"embeddable":true,"href":"https:\/\/familienkl.dk\/index.php\/wp-json\/wp\/v2\/users\/1"}],"replies":[{"embeddable":true,"href":"https:\/\/familienkl.dk\/index.php\/wp-json\/wp\/v2\/comments?post=2"}],"version-history":[{"count":1,"href":"https:\/\/familienkl.dk\/index.php\/wp-json\/wp\/v2\/pages\/2\/revisions"}],"predecessor-version":[{"id":419,"href":"https:\/\/familienkl.dk\/index.php\/wp-json\/wp\/v2\/pages\/2\/revisions\/419"}],"wp:attachment":[{"href":"https:\/\/familienkl.dk\/index.php\/wp-json\/wp\/v2\/media?parent=2"}],"curies":[{"name":"wp","href":"https:\/\/api.w.org\/{rel}","templated":true}]}}